{"id":10413,"date":"2026-01-27T22:32:19","date_gmt":"2026-01-27T22:32:19","guid":{"rendered":"https:\/\/adjmalkandou.com\/?post_type=product&#038;p=10413"},"modified":"2026-03-22T18:47:36","modified_gmt":"2026-03-22T18:47:36","slug":"kandou-jaune-dore-enfant","status":"publish","type":"product","link":"https:\/\/adjmalkandou.com\/?product=kandou-jaune-dore-enfant","title":{"rendered":"Enfant Kandou Jaune dor\u00e9"},"content":{"rendered":"<p>identique au Kandou homme jaune dor\u00e9<\/p>\n<p>Tissus premium repassage facile.<\/p>\n<p>existe en adulte et b\u00e9b\u00e9<\/p>\n","protected":false},"excerpt":{"rendered":"<p>identique au Kandou homme jaune dor\u00e9 Tissus premium repassage facile. existe en adulte et b\u00e9b\u00e9<\/p>\n","protected":false},"featured_media":10412,"comment_status":"open","ping_status":"closed","template":"","meta":[],"product_brand":[],"product_cat":[72],"product_tag":[73],"class_list":{"0":"post-10413","1":"product","2":"type-product","3":"status-publish","4":"has-post-thumbnail","6":"product_cat-enfant","7":"product_tag-kandou","9":"first","10":"instock","11":"shipping-taxable","12":"purchasable","13":"product-type-variable"},"_links":{"self":[{"href":"https:\/\/adjmalkandou.com\/index.php?rest_route=\/wp\/v2\/product\/10413","targetHints":{"allow":["GET"]}}],"collection":[{"href":"https:\/\/adjmalkandou.com\/index.php?rest_route=\/wp\/v2\/product"}],"about":[{"href":"https:\/\/adjmalkandou.com\/index.php?rest_route=\/wp\/v2\/types\/product"}],"replies":[{"embeddable":true,"href":"https:\/\/adjmalkandou.com\/index.php?rest_route=%2Fwp%2Fv2%2Fcomments&post=10413"}],"wp:featuredmedia":[{"embeddable":true,"href":"https:\/\/adjmalkandou.com\/index.php?rest_route=\/wp\/v2\/media\/10412"}],"wp:attachment":[{"href":"https:\/\/adjmalkandou.com\/index.php?rest_route=%2Fwp%2Fv2%2Fmedia&parent=10413"}],"wp:term":[{"taxonomy":"product_brand","embeddable":true,"href":"https:\/\/adjmalkandou.com\/index.php?rest_route=%2Fwp%2Fv2%2Fproduct_brand&post=10413"},{"taxonomy":"product_cat","embeddable":true,"href":"https:\/\/adjmalkandou.com\/index.php?rest_route=%2Fwp%2Fv2%2Fproduct_cat&post=10413"},{"taxonomy":"product_tag","embeddable":true,"href":"https:\/\/adjmalkandou.com\/index.php?rest_route=%2Fwp%2Fv2%2Fproduct_tag&post=10413"}],"curies":[{"name":"wp","href":"https:\/\/api.w.org\/{rel}","templated":true}]}}