{"id":4063,"date":"2022-10-22T15:17:30","date_gmt":"2022-10-22T15:17:30","guid":{"rendered":"https:\/\/adjmalkandou.com\/?post_type=product&#038;p=4063"},"modified":"2026-03-22T15:34:56","modified_gmt":"2026-03-22T15:34:56","slug":"kandou-homme-vert-jaune-et-rouge","status":"publish","type":"product","link":"https:\/\/adjmalkandou.com\/?product=kandou-homme-vert-jaune-et-rouge","title":{"rendered":".veripiya"},"content":{"rendered":"<p>Kandou vert chin\u00e9 \u00e0 couture dor\u00e9e et marron<\/p>\n<p>Tissus premium antistatique, anti-perspirant, repassage facile.<\/p>\n<p>Tissus fluide<\/p>\n","protected":false},"excerpt":{"rendered":"<p>Kandou vert chin\u00e9 \u00e0 couture dor\u00e9e et marron Tissus premium antistatique, anti-perspirant, repassage facile. Tissus fluide<\/p>\n","protected":false},"featured_media":4064,"comment_status":"open","ping_status":"closed","template":"","meta":[],"product_brand":[],"product_cat":[89],"product_tag":[99,82,73,91,90,88],"class_list":{"0":"post-4063","1":"product","2":"type-product","3":"status-publish","4":"has-post-thumbnail","6":"product_cat-homme","7":"product_tag-homme","8":"product_tag-jaune","9":"product_tag-kandou","10":"product_tag-rouge","11":"product_tag-sans-col","12":"product_tag-vert","14":"first","15":"instock","16":"shipping-taxable","17":"purchasable","18":"product-type-variable"},"_links":{"self":[{"href":"https:\/\/adjmalkandou.com\/index.php?rest_route=\/wp\/v2\/product\/4063","targetHints":{"allow":["GET"]}}],"collection":[{"href":"https:\/\/adjmalkandou.com\/index.php?rest_route=\/wp\/v2\/product"}],"about":[{"href":"https:\/\/adjmalkandou.com\/index.php?rest_route=\/wp\/v2\/types\/product"}],"replies":[{"embeddable":true,"href":"https:\/\/adjmalkandou.com\/index.php?rest_route=%2Fwp%2Fv2%2Fcomments&post=4063"}],"wp:featuredmedia":[{"embeddable":true,"href":"https:\/\/adjmalkandou.com\/index.php?rest_route=\/wp\/v2\/media\/4064"}],"wp:attachment":[{"href":"https:\/\/adjmalkandou.com\/index.php?rest_route=%2Fwp%2Fv2%2Fmedia&parent=4063"}],"wp:term":[{"taxonomy":"product_brand","embeddable":true,"href":"https:\/\/adjmalkandou.com\/index.php?rest_route=%2Fwp%2Fv2%2Fproduct_brand&post=4063"},{"taxonomy":"product_cat","embeddable":true,"href":"https:\/\/adjmalkandou.com\/index.php?rest_route=%2Fwp%2Fv2%2Fproduct_cat&post=4063"},{"taxonomy":"product_tag","embeddable":true,"href":"https:\/\/adjmalkandou.com\/index.php?rest_route=%2Fwp%2Fv2%2Fproduct_tag&post=4063"}],"curies":[{"name":"wp","href":"https:\/\/api.w.org\/{rel}","templated":true}]}}