{"id":5322,"date":"2023-01-29T22:00:32","date_gmt":"2023-01-29T22:00:32","guid":{"rendered":"https:\/\/adjmalkandou.com\/?post_type=product&#038;p=5322"},"modified":"2026-03-10T20:11:04","modified_gmt":"2026-03-10T20:11:04","slug":"534","status":"publish","type":"product","link":"https:\/\/adjmalkandou.com\/?product=534","title":{"rendered":"534"},"content":{"rendered":"<p>Kandou vert clair \u00a0chin\u00e9 avec d\u00e9tail argent\u00e9<\/p>\n<p>Tissus premium antistatique, anti-perspirant, repassage facile.<\/p>\n<p>Tissus fluide<\/p>\n","protected":false},"excerpt":{"rendered":"<p>Kandou vert clair \u00a0chin\u00e9 avec d\u00e9tail argent\u00e9 Tissus premium antistatique, anti-perspirant, repassage facile. Tissus fluide<\/p>\n","protected":false},"featured_media":5176,"comment_status":"open","ping_status":"closed","template":"","meta":[],"product_brand":[],"product_cat":[89],"product_tag":[99,73,90],"class_list":{"0":"post-5322","1":"product","2":"type-product","3":"status-publish","4":"has-post-thumbnail","6":"product_cat-homme","7":"product_tag-homme","8":"product_tag-kandou","9":"product_tag-sans-col","11":"first","12":"instock","13":"shipping-taxable","14":"purchasable","15":"product-type-variable"},"_links":{"self":[{"href":"https:\/\/adjmalkandou.com\/index.php?rest_route=\/wp\/v2\/product\/5322","targetHints":{"allow":["GET"]}}],"collection":[{"href":"https:\/\/adjmalkandou.com\/index.php?rest_route=\/wp\/v2\/product"}],"about":[{"href":"https:\/\/adjmalkandou.com\/index.php?rest_route=\/wp\/v2\/types\/product"}],"replies":[{"embeddable":true,"href":"https:\/\/adjmalkandou.com\/index.php?rest_route=%2Fwp%2Fv2%2Fcomments&post=5322"}],"wp:featuredmedia":[{"embeddable":true,"href":"https:\/\/adjmalkandou.com\/index.php?rest_route=\/wp\/v2\/media\/5176"}],"wp:attachment":[{"href":"https:\/\/adjmalkandou.com\/index.php?rest_route=%2Fwp%2Fv2%2Fmedia&parent=5322"}],"wp:term":[{"taxonomy":"product_brand","embeddable":true,"href":"https:\/\/adjmalkandou.com\/index.php?rest_route=%2Fwp%2Fv2%2Fproduct_brand&post=5322"},{"taxonomy":"product_cat","embeddable":true,"href":"https:\/\/adjmalkandou.com\/index.php?rest_route=%2Fwp%2Fv2%2Fproduct_cat&post=5322"},{"taxonomy":"product_tag","embeddable":true,"href":"https:\/\/adjmalkandou.com\/index.php?rest_route=%2Fwp%2Fv2%2Fproduct_tag&post=5322"}],"curies":[{"name":"wp","href":"https:\/\/api.w.org\/{rel}","templated":true}]}}