{"id":7270,"date":"2023-11-15T00:00:12","date_gmt":"2023-11-15T00:00:12","guid":{"rendered":"https:\/\/adjmalkandou.com\/?post_type=product&#038;p=7270"},"modified":"2025-04-02T22:19:50","modified_gmt":"2025-04-02T22:19:50","slug":"al-luban-encens-a-consommer","status":"publish","type":"product","link":"https:\/\/adjmalkandou.com\/?product=al-luban-encens-a-consommer","title":{"rendered":"Al luban comestible"},"content":{"rendered":"<p>Al luban encens originaire du sultanat d&rsquo;Oman est consid\u00e9r\u00e9 comme l&rsquo;encens de la meilleure qualit\u00e9 au monde<\/p>\n<p>\u00e0 consommer (version \u00a0comestible)<\/p>\n<p>Des \u00e9tudes confirment ses <b>propri\u00e9t\u00e9s anti-inflammatoire, anxiolytique, expectorante et antalgique<\/b>.<\/p>\n<p>Al luban, (ou loubane en arabe), est reconnu pour ses nombreuses vertus. Mang\u00e9 ou consomm\u00e9 sous forme liquide une fois m\u00e9lang\u00e9 \u00e0 de l&rsquo;eau, il peut \u00eatre utilis\u00e9 comme antiseptique, antiviral, astringent, antid\u00e9presseur, expectorant, cicatrisant et stimulant du syst\u00e8me immunitaire.<\/p>\n<p>R\u00e9sine aromatique \u00e0 faire diluer dans l&rsquo;eau ou \u00e0 macher<\/p>\n<p>sachet de 60g<\/p>\n<p>&nbsp;<\/p>\n","protected":false},"excerpt":{"rendered":"<p>Al luban encens originaire du sultanat d&rsquo;Oman est consid\u00e9r\u00e9 comme l&rsquo;encens de la meilleure qualit\u00e9 au monde \u00e0 consommer (version \u00a0comestible) Des \u00e9tudes confirment ses propri\u00e9t\u00e9s anti-inflammatoire, anxiolytique, expectorante et antalgique. Al luban, (ou loubane en arabe), est reconnu pour ses nombreuses vertus. Mang\u00e9 ou consomm\u00e9 sous forme liquide une fois m\u00e9lang\u00e9 \u00e0 de l&rsquo;eau, &hellip; <br \/><a href=\"https:\/\/adjmalkandou.com\/?product=al-luban-encens-a-consommer\" class=\"more-link\">Continue reading <span class=\"screen-reader-text\">Al luban comestible<\/span><\/a><\/p>\n","protected":false},"featured_media":7260,"comment_status":"open","ping_status":"closed","template":"","meta":[],"product_brand":[],"product_cat":[175],"product_tag":[],"class_list":{"0":"post-7270","1":"product","2":"type-product","3":"status-publish","4":"has-post-thumbnail","6":"product_cat-encens","8":"first","9":"instock","10":"shipping-taxable","11":"purchasable","12":"product-type-simple"},"_links":{"self":[{"href":"https:\/\/adjmalkandou.com\/index.php?rest_route=\/wp\/v2\/product\/7270","targetHints":{"allow":["GET"]}}],"collection":[{"href":"https:\/\/adjmalkandou.com\/index.php?rest_route=\/wp\/v2\/product"}],"about":[{"href":"https:\/\/adjmalkandou.com\/index.php?rest_route=\/wp\/v2\/types\/product"}],"replies":[{"embeddable":true,"href":"https:\/\/adjmalkandou.com\/index.php?rest_route=%2Fwp%2Fv2%2Fcomments&post=7270"}],"wp:featuredmedia":[{"embeddable":true,"href":"https:\/\/adjmalkandou.com\/index.php?rest_route=\/wp\/v2\/media\/7260"}],"wp:attachment":[{"href":"https:\/\/adjmalkandou.com\/index.php?rest_route=%2Fwp%2Fv2%2Fmedia&parent=7270"}],"wp:term":[{"taxonomy":"product_brand","embeddable":true,"href":"https:\/\/adjmalkandou.com\/index.php?rest_route=%2Fwp%2Fv2%2Fproduct_brand&post=7270"},{"taxonomy":"product_cat","embeddable":true,"href":"https:\/\/adjmalkandou.com\/index.php?rest_route=%2Fwp%2Fv2%2Fproduct_cat&post=7270"},{"taxonomy":"product_tag","embeddable":true,"href":"https:\/\/adjmalkandou.com\/index.php?rest_route=%2Fwp%2Fv2%2Fproduct_tag&post=7270"}],"curies":[{"name":"wp","href":"https:\/\/api.w.org\/{rel}","templated":true}]}}