{"id":7470,"date":"2024-01-29T18:54:16","date_gmt":"2024-01-29T18:54:16","guid":{"rendered":"https:\/\/adjmalkandou.com\/?post_type=product&#038;p=7470"},"modified":"2026-03-05T15:31:43","modified_gmt":"2026-03-05T15:31:43","slug":"kimono-316-nai","status":"publish","type":"product","link":"https:\/\/adjmalkandou.com\/?product=kimono-316-nai","title":{"rendered":"kimono 316 Na\u00ef"},"content":{"rendered":"<p>Le kimono 316 Na\u00ef est inspir\u00e9 du Kandou 316<\/p>\n<p>D\u00e9ssin\u00e9 dans une coupe oversize il va a toutes les morphologies<\/p>\n<p>Le mannequin mesure 1m70 et porte la taille 58 (pour un effet encore plus oversize)<\/p>\n<p>guide des tailles<\/p>\n<p>54 jusqu&rsquo;a 1m65<\/p>\n<p>58 de 1m73 a 1m79<\/p>\n<p>60 1m80 a 1m85<\/p>\n<p>62 +1m85<\/p>\n<p>modele a accorder avec le Kandou 316 existe en babykandou et pour enfant<\/p>\n","protected":false},"excerpt":{"rendered":"<p>Le kimono 316 Na\u00ef est inspir\u00e9 du Kandou 316 D\u00e9ssin\u00e9 dans une coupe oversize il va a toutes les morphologies Le mannequin mesure 1m70 et porte la taille 58 (pour un effet encore plus oversize) guide des tailles 54 jusqu&rsquo;a 1m65 58 de 1m73 a 1m79 60 1m80 a 1m85 62 +1m85 modele a accorder &hellip; <br \/><a href=\"https:\/\/adjmalkandou.com\/?product=kimono-316-nai\" class=\"more-link\">Continue reading <span class=\"screen-reader-text\">kimono 316 Na\u00ef<\/span><\/a><\/p>\n","protected":false},"featured_media":7421,"comment_status":"open","ping_status":"closed","template":"","meta":[],"product_brand":[],"product_cat":[182,183],"product_tag":[185,180],"class_list":{"0":"post-7470","1":"product","2":"type-product","3":"status-publish","4":"has-post-thumbnail","6":"product_cat-femme","7":"product_cat-kimono","8":"product_tag-femme","9":"product_tag-nouveaute","11":"first","12":"instock","13":"shipping-taxable","14":"purchasable","15":"product-type-variable"},"_links":{"self":[{"href":"https:\/\/adjmalkandou.com\/index.php?rest_route=\/wp\/v2\/product\/7470","targetHints":{"allow":["GET"]}}],"collection":[{"href":"https:\/\/adjmalkandou.com\/index.php?rest_route=\/wp\/v2\/product"}],"about":[{"href":"https:\/\/adjmalkandou.com\/index.php?rest_route=\/wp\/v2\/types\/product"}],"replies":[{"embeddable":true,"href":"https:\/\/adjmalkandou.com\/index.php?rest_route=%2Fwp%2Fv2%2Fcomments&post=7470"}],"wp:featuredmedia":[{"embeddable":true,"href":"https:\/\/adjmalkandou.com\/index.php?rest_route=\/wp\/v2\/media\/7421"}],"wp:attachment":[{"href":"https:\/\/adjmalkandou.com\/index.php?rest_route=%2Fwp%2Fv2%2Fmedia&parent=7470"}],"wp:term":[{"taxonomy":"product_brand","embeddable":true,"href":"https:\/\/adjmalkandou.com\/index.php?rest_route=%2Fwp%2Fv2%2Fproduct_brand&post=7470"},{"taxonomy":"product_cat","embeddable":true,"href":"https:\/\/adjmalkandou.com\/index.php?rest_route=%2Fwp%2Fv2%2Fproduct_cat&post=7470"},{"taxonomy":"product_tag","embeddable":true,"href":"https:\/\/adjmalkandou.com\/index.php?rest_route=%2Fwp%2Fv2%2Fproduct_tag&post=7470"}],"curies":[{"name":"wp","href":"https:\/\/api.w.org\/{rel}","templated":true}]}}